{"id":3025,"date":"2020-04-06T10:04:52","date_gmt":"2020-04-06T08:04:52","guid":{"rendered":"http:\/\/www.alhenaservice.com\/referenze\/maisons-du-monde-palerme\/"},"modified":"2020-06-26T15:06:51","modified_gmt":"2020-06-26T13:06:51","slug":"maisons-du-monde-palerme","status":"publish","type":"referenze","link":"https:\/\/www.alhenaservice.com\/fr\/references\/maisons-du-monde-palerme\/","title":{"rendered":"Maisons du Monde Palerme"},"content":{"rendered":"<p>Cela faisait d\u00e9j\u00e0 depuis plusieurs ann\u00e9es que Maisons du Monde cherchait un site \u00e0 Palerme. Finalement, c&rsquo;est dans l&rsquo;espace d&rsquo;un ancien batiment de produits semi-finis en bois, situ\u00e9 en via Fulvio Testi et bien connu en ville, que Maisons du Monde a ouvert ses portes fin mai 2019, non sans quelques difficult\u00e9s, avec <strong>un chiffre d&rsquo;affluence jamais enregistr\u00e9 auparavant lors d&rsquo;une nouvelle ouverture<\/strong>. Pour Alhena, ce magasin constitue un des fleurons de ses r\u00e9alisations.<\/p>\n<p>D&rsquo;abord le site : s&rsquo;ins\u00e9rer \u00e0 l&rsquo;int\u00e9rieur d&rsquo;une structure existante, de surcro\u00eet ancienne, demande de savoir mettre en \u0153uvre, au maximum de leur puissance, toutes les comp\u00e9tences d&rsquo;ordre technique, manag\u00e9rial et de conception. En effet, il arrive souvent que l&rsquo;installation d&rsquo;\u00e9quipements qui r\u00e9pondent aux concepts les plus r\u00e9cents se concilie difficilement \u00e0 la portance de structures existantes. Ou encore, la distribution des espaces d&rsquo;une activit\u00e9 artisanale ou d&rsquo;un lieu ayant servi de d\u00e9p\u00f4t doit \u00eatre revue \u00e0 la lumi\u00e8re de sa nouvelle destination d&rsquo;usage. Ceci comporte la n\u00e9cessit\u00e9 <strong>d&rsquo;une analyse pr\u00e9liminaire particuli\u00e8rement d\u00e9taill\u00e9e et approfondie<\/strong>, visant \u00e0 r\u00e9pertorier les \u00e9l\u00e9ments qui, d\u00e8s la n\u00e9gociation d&rsquo;achat du site, peuvent devenir un \u00e9l\u00e9ment d\u00e9licat de mise en \u0153uvre.<\/p>\n<p><strong>L&rsquo;exp\u00e9rience savante de Sandro, notre site manager<\/strong>, a permis de r\u00e9duire au minimum les frictions susceptibles de survenir sur des chantiers si complexes, en transformant le chantier en organisme fonctionnant, o\u00f9 tous les acteurs ont pu travailler dans <strong>un esprit de collaboration et d&rsquo;entente r\u00e9ciproque<\/strong>.<\/p>\n","protected":false},"featured_media":2094,"parent":0,"template":"","categories":[41],"class_list":["post-3025","referenze","type-referenze","status-publish","has-post-thumbnail","hentry","category-home-decor-fr"],"acf":[],"yoast_head":"<!-- This site is optimized with the Yoast SEO plugin v27.1 - https:\/\/yoast.com\/product\/yoast-seo-wordpress\/ -->\n<title>Maisons du Monde Palerme - Alhena<\/title>\n<meta name=\"robots\" content=\"index, follow, max-snippet:-1, max-image-preview:large, max-video-preview:-1\" \/>\n<link rel=\"canonical\" href=\"https:\/\/www.alhenaservice.com\/fr\/references\/maisons-du-monde-palerme\/\" \/>\n<meta property=\"og:locale\" content=\"fr_FR\" \/>\n<meta property=\"og:type\" content=\"article\" \/>\n<meta property=\"og:title\" content=\"Maisons du Monde Palerme - Alhena\" \/>\n<meta property=\"og:description\" content=\"Cela faisait d\u00e9j\u00e0 depuis plusieurs ann\u00e9es que Maisons du Monde cherchait un site \u00e0 Palerme. Finalement, c&rsquo;est dans l&rsquo;espace d&rsquo;un ancien batiment de produits semi-finis en bois, situ\u00e9 en via Fulvio Testi et bien connu en ville, que Maisons du Monde a ouvert ses portes fin mai 2019, non sans quelques difficult\u00e9s, avec un chiffre [&hellip;]\" \/>\n<meta property=\"og:url\" content=\"https:\/\/www.alhenaservice.com\/fr\/references\/maisons-du-monde-palerme\/\" \/>\n<meta property=\"og:site_name\" content=\"Alhena\" \/>\n<meta property=\"article:modified_time\" content=\"2020-06-26T13:06:51+00:00\" \/>\n<meta property=\"og:image\" content=\"https:\/\/www.alhenaservice.com\/wp-content\/uploads\/maison-du-monde-palermo-esterno.jpg\" \/>\n\t<meta property=\"og:image:width\" content=\"800\" \/>\n\t<meta property=\"og:image:height\" content=\"600\" \/>\n\t<meta property=\"og:image:type\" content=\"image\/jpeg\" \/>\n<meta name=\"twitter:card\" content=\"summary_large_image\" \/>\n<meta name=\"twitter:label1\" content=\"Dur\u00e9e de lecture estim\u00e9e\" \/>\n\t<meta name=\"twitter:data1\" content=\"1 minute\" \/>\n<script type=\"application\/ld+json\" class=\"yoast-schema-graph\">{\"@context\":\"https:\/\/schema.org\",\"@graph\":[{\"@type\":\"WebPage\",\"@id\":\"https:\/\/www.alhenaservice.com\/fr\/references\/maisons-du-monde-palerme\/\",\"url\":\"https:\/\/www.alhenaservice.com\/fr\/references\/maisons-du-monde-palerme\/\",\"name\":\"Maisons du Monde Palerme - Alhena\",\"isPartOf\":{\"@id\":\"https:\/\/www.alhenaservice.com\/fr\/#website\"},\"primaryImageOfPage\":{\"@id\":\"https:\/\/www.alhenaservice.com\/fr\/references\/maisons-du-monde-palerme\/#primaryimage\"},\"image\":{\"@id\":\"https:\/\/www.alhenaservice.com\/fr\/references\/maisons-du-monde-palerme\/#primaryimage\"},\"thumbnailUrl\":\"https:\/\/www.alhenaservice.com\/wp-content\/uploads\/maison-du-monde-palermo-esterno.jpg\",\"datePublished\":\"2020-04-06T08:04:52+00:00\",\"dateModified\":\"2020-06-26T13:06:51+00:00\",\"breadcrumb\":{\"@id\":\"https:\/\/www.alhenaservice.com\/fr\/references\/maisons-du-monde-palerme\/#breadcrumb\"},\"inLanguage\":\"fr-FR\",\"potentialAction\":[{\"@type\":\"ReadAction\",\"target\":[\"https:\/\/www.alhenaservice.com\/fr\/references\/maisons-du-monde-palerme\/\"]}]},{\"@type\":\"ImageObject\",\"inLanguage\":\"fr-FR\",\"@id\":\"https:\/\/www.alhenaservice.com\/fr\/references\/maisons-du-monde-palerme\/#primaryimage\",\"url\":\"https:\/\/www.alhenaservice.com\/wp-content\/uploads\/maison-du-monde-palermo-esterno.jpg\",\"contentUrl\":\"https:\/\/www.alhenaservice.com\/wp-content\/uploads\/maison-du-monde-palermo-esterno.jpg\",\"width\":800,\"height\":600},{\"@type\":\"BreadcrumbList\",\"@id\":\"https:\/\/www.alhenaservice.com\/fr\/references\/maisons-du-monde-palerme\/#breadcrumb\",\"itemListElement\":[{\"@type\":\"ListItem\",\"position\":1,\"name\":\"Home\",\"item\":\"https:\/\/www.alhenaservice.com\/fr\/\"},{\"@type\":\"ListItem\",\"position\":2,\"name\":\"R\u00e9f\u00e9rences\",\"item\":\"https:\/\/www.alhenaservice.com\/fr\/archivio-referenze\/\"},{\"@type\":\"ListItem\",\"position\":3,\"name\":\"Maisons du Monde Palerme\"}]},{\"@type\":\"WebSite\",\"@id\":\"https:\/\/www.alhenaservice.com\/fr\/#website\",\"url\":\"https:\/\/www.alhenaservice.com\/fr\/\",\"name\":\"Alhena\",\"description\":\"expertise globale\",\"publisher\":{\"@id\":\"https:\/\/www.alhenaservice.com\/fr\/#organization\"},\"potentialAction\":[{\"@type\":\"SearchAction\",\"target\":{\"@type\":\"EntryPoint\",\"urlTemplate\":\"https:\/\/www.alhenaservice.com\/fr\/?s={search_term_string}\"},\"query-input\":{\"@type\":\"PropertyValueSpecification\",\"valueRequired\":true,\"valueName\":\"search_term_string\"}}],\"inLanguage\":\"fr-FR\"},{\"@type\":\"Organization\",\"@id\":\"https:\/\/www.alhenaservice.com\/fr\/#organization\",\"name\":\"Alhena\",\"url\":\"https:\/\/www.alhenaservice.com\/fr\/\",\"logo\":{\"@type\":\"ImageObject\",\"inLanguage\":\"fr-FR\",\"@id\":\"https:\/\/www.alhenaservice.com\/fr\/#\/schema\/logo\/image\/\",\"url\":\"https:\/\/www.alhenaservice.com\/wp-content\/uploads\/logo-sito-alhena.png\",\"contentUrl\":\"https:\/\/www.alhenaservice.com\/wp-content\/uploads\/logo-sito-alhena.png\",\"width\":710,\"height\":240,\"caption\":\"Alhena\"},\"image\":{\"@id\":\"https:\/\/www.alhenaservice.com\/fr\/#\/schema\/logo\/image\/\"}}]}<\/script>\n<!-- \/ Yoast SEO plugin. -->","yoast_head_json":{"title":"Maisons du Monde Palerme - Alhena","robots":{"index":"index","follow":"follow","max-snippet":"max-snippet:-1","max-image-preview":"max-image-preview:large","max-video-preview":"max-video-preview:-1"},"canonical":"https:\/\/www.alhenaservice.com\/fr\/references\/maisons-du-monde-palerme\/","og_locale":"fr_FR","og_type":"article","og_title":"Maisons du Monde Palerme - Alhena","og_description":"Cela faisait d\u00e9j\u00e0 depuis plusieurs ann\u00e9es que Maisons du Monde cherchait un site \u00e0 Palerme. Finalement, c&rsquo;est dans l&rsquo;espace d&rsquo;un ancien batiment de produits semi-finis en bois, situ\u00e9 en via Fulvio Testi et bien connu en ville, que Maisons du Monde a ouvert ses portes fin mai 2019, non sans quelques difficult\u00e9s, avec un chiffre [&hellip;]","og_url":"https:\/\/www.alhenaservice.com\/fr\/references\/maisons-du-monde-palerme\/","og_site_name":"Alhena","article_modified_time":"2020-06-26T13:06:51+00:00","og_image":[{"width":800,"height":600,"url":"https:\/\/www.alhenaservice.com\/wp-content\/uploads\/maison-du-monde-palermo-esterno.jpg","type":"image\/jpeg"}],"twitter_card":"summary_large_image","twitter_misc":{"Dur\u00e9e de lecture estim\u00e9e":"1 minute"},"schema":{"@context":"https:\/\/schema.org","@graph":[{"@type":"WebPage","@id":"https:\/\/www.alhenaservice.com\/fr\/references\/maisons-du-monde-palerme\/","url":"https:\/\/www.alhenaservice.com\/fr\/references\/maisons-du-monde-palerme\/","name":"Maisons du Monde Palerme - Alhena","isPartOf":{"@id":"https:\/\/www.alhenaservice.com\/fr\/#website"},"primaryImageOfPage":{"@id":"https:\/\/www.alhenaservice.com\/fr\/references\/maisons-du-monde-palerme\/#primaryimage"},"image":{"@id":"https:\/\/www.alhenaservice.com\/fr\/references\/maisons-du-monde-palerme\/#primaryimage"},"thumbnailUrl":"https:\/\/www.alhenaservice.com\/wp-content\/uploads\/maison-du-monde-palermo-esterno.jpg","datePublished":"2020-04-06T08:04:52+00:00","dateModified":"2020-06-26T13:06:51+00:00","breadcrumb":{"@id":"https:\/\/www.alhenaservice.com\/fr\/references\/maisons-du-monde-palerme\/#breadcrumb"},"inLanguage":"fr-FR","potentialAction":[{"@type":"ReadAction","target":["https:\/\/www.alhenaservice.com\/fr\/references\/maisons-du-monde-palerme\/"]}]},{"@type":"ImageObject","inLanguage":"fr-FR","@id":"https:\/\/www.alhenaservice.com\/fr\/references\/maisons-du-monde-palerme\/#primaryimage","url":"https:\/\/www.alhenaservice.com\/wp-content\/uploads\/maison-du-monde-palermo-esterno.jpg","contentUrl":"https:\/\/www.alhenaservice.com\/wp-content\/uploads\/maison-du-monde-palermo-esterno.jpg","width":800,"height":600},{"@type":"BreadcrumbList","@id":"https:\/\/www.alhenaservice.com\/fr\/references\/maisons-du-monde-palerme\/#breadcrumb","itemListElement":[{"@type":"ListItem","position":1,"name":"Home","item":"https:\/\/www.alhenaservice.com\/fr\/"},{"@type":"ListItem","position":2,"name":"R\u00e9f\u00e9rences","item":"https:\/\/www.alhenaservice.com\/fr\/archivio-referenze\/"},{"@type":"ListItem","position":3,"name":"Maisons du Monde Palerme"}]},{"@type":"WebSite","@id":"https:\/\/www.alhenaservice.com\/fr\/#website","url":"https:\/\/www.alhenaservice.com\/fr\/","name":"Alhena","description":"expertise globale","publisher":{"@id":"https:\/\/www.alhenaservice.com\/fr\/#organization"},"potentialAction":[{"@type":"SearchAction","target":{"@type":"EntryPoint","urlTemplate":"https:\/\/www.alhenaservice.com\/fr\/?s={search_term_string}"},"query-input":{"@type":"PropertyValueSpecification","valueRequired":true,"valueName":"search_term_string"}}],"inLanguage":"fr-FR"},{"@type":"Organization","@id":"https:\/\/www.alhenaservice.com\/fr\/#organization","name":"Alhena","url":"https:\/\/www.alhenaservice.com\/fr\/","logo":{"@type":"ImageObject","inLanguage":"fr-FR","@id":"https:\/\/www.alhenaservice.com\/fr\/#\/schema\/logo\/image\/","url":"https:\/\/www.alhenaservice.com\/wp-content\/uploads\/logo-sito-alhena.png","contentUrl":"https:\/\/www.alhenaservice.com\/wp-content\/uploads\/logo-sito-alhena.png","width":710,"height":240,"caption":"Alhena"},"image":{"@id":"https:\/\/www.alhenaservice.com\/fr\/#\/schema\/logo\/image\/"}}]}},"_links":{"self":[{"href":"https:\/\/www.alhenaservice.com\/fr\/wp-json\/wp\/v2\/referenze\/3025","targetHints":{"allow":["GET"]}}],"collection":[{"href":"https:\/\/www.alhenaservice.com\/fr\/wp-json\/wp\/v2\/referenze"}],"about":[{"href":"https:\/\/www.alhenaservice.com\/fr\/wp-json\/wp\/v2\/types\/referenze"}],"wp:featuredmedia":[{"embeddable":true,"href":"https:\/\/www.alhenaservice.com\/fr\/wp-json\/wp\/v2\/media\/2094"}],"wp:attachment":[{"href":"https:\/\/www.alhenaservice.com\/fr\/wp-json\/wp\/v2\/media?parent=3025"}],"wp:term":[{"taxonomy":"category","embeddable":true,"href":"https:\/\/www.alhenaservice.com\/fr\/wp-json\/wp\/v2\/categories?post=3025"}],"curies":[{"name":"wp","href":"https:\/\/api.w.org\/{rel}","templated":true}]}}

<p>Cela faisait déjà depuis plusieurs années que Maisons du Monde cherchait un site à Palerme. Finalement, c&rsquo;est dans l&rsquo;espace d&rsquo;un ancien batiment de produits semi-finis en bois, situé en via Fulvio Testi et bien connu en ville, que Maisons du Monde a ouvert ses portes fin mai 2019, non sans quelques difficultés, avec <strong>un chiffre d&rsquo;affluence jamais enregistré auparavant lors d&rsquo;une nouvelle ouverture</strong>. Pour Alhena, ce magasin constitue un des fleurons de ses réalisations.</p>
<p>D&rsquo;abord le site : s&rsquo;insérer à l&rsquo;intérieur d&rsquo;une structure existante, de surcroît ancienne, demande de savoir mettre en œuvre, au maximum de leur puissance, toutes les compétences d&rsquo;ordre technique, managérial et de conception. En effet, il arrive souvent que l&rsquo;installation d&rsquo;équipements qui répondent aux concepts les plus récents se concilie difficilement à la portance de structures existantes. Ou encore, la distribution des espaces d&rsquo;une activité artisanale ou d&rsquo;un lieu ayant servi de dépôt doit être revue à la lumière de sa nouvelle destination d&rsquo;usage. Ceci comporte la nécessité <strong>d&rsquo;une analyse préliminaire particulièrement détaillée et approfondie</strong>, visant à répertorier les éléments qui, dès la négociation d&rsquo;achat du site, peuvent devenir un élément délicat de mise en œuvre.</p>
<p><strong>L&rsquo;expérience savante de Sandro, notre site manager</strong>, a permis de réduire au minimum les frictions susceptibles de survenir sur des chantiers si complexes, en transformant le chantier en organisme fonctionnant, où tous les acteurs ont pu travailler dans <strong>un esprit de collaboration et d&rsquo;entente réciproque</strong>.</p>

<!-- This site is optimized with the Yoast SEO plugin v27.1 - https://yoast.com/product/yoast-seo-wordpress/ -->
<title>Maisons du Monde Palerme - Alhena</title>
<meta name="robots" content="index, follow, max-snippet:-1, max-image-preview:large, max-video-preview:-1" />
<link rel="canonical" href="https://www.alhenaservice.com/fr/references/maisons-du-monde-palerme/" />
<meta property="og:locale" content="fr_FR" />
<meta property="og:type" content="article" />
<meta property="og:title" content="Maisons du Monde Palerme - Alhena" />
<meta property="og:description" content="Cela faisait déjà depuis plusieurs années que Maisons du Monde cherchait un site à Palerme. Finalement, c&rsquo;est dans l&rsquo;espace d&rsquo;un ancien batiment de produits semi-finis en bois, situé en via Fulvio Testi et bien connu en ville, que Maisons du Monde a ouvert ses portes fin mai 2019, non sans quelques difficultés, avec un chiffre [&hellip;]" />
<meta property="og:url" content="https://www.alhenaservice.com/fr/references/maisons-du-monde-palerme/" />
<meta property="og:site_name" content="Alhena" />
<meta property="article:modified_time" content="2020-06-26T13:06:51+00:00" />
<meta property="og:image" content="https://www.alhenaservice.com/wp-content/uploads/maison-du-monde-palermo-esterno.jpg" />
	<meta property="og:image:width" content="800" />
	<meta property="og:image:height" content="600" />
	<meta property="og:image:type" content="image/jpeg" />
<meta name="twitter:card" content="summary_large_image" />
<meta name="twitter:label1" content="Durée de lecture estimée" />
	<meta name="twitter:data1" content="1 minute" />
<script type="application/ld+json" class="yoast-schema-graph">{"@context":"https://schema.org","@graph":[{"@type":"WebPage","@id":"https://www.alhenaservice.com/fr/references/maisons-du-monde-palerme/","url":"https://www.alhenaservice.com/fr/references/maisons-du-monde-palerme/","name":"Maisons du Monde Palerme - Alhena","isPartOf":{"@id":"https://www.alhenaservice.com/fr/#website"},"primaryImageOfPage":{"@id":"https://www.alhenaservice.com/fr/references/maisons-du-monde-palerme/#primaryimage"},"image":{"@id":"https://www.alhenaservice.com/fr/references/maisons-du-monde-palerme/#primaryimage"},"thumbnailUrl":"https://www.alhenaservice.com/wp-content/uploads/maison-du-monde-palermo-esterno.jpg","datePublished":"2020-04-06T08:04:52+00:00","dateModified":"2020-06-26T13:06:51+00:00","breadcrumb":{"@id":"https://www.alhenaservice.com/fr/references/maisons-du-monde-palerme/#breadcrumb"},"inLanguage":"fr-FR","potentialAction":[{"@type":"ReadAction","target":["https://www.alhenaservice.com/fr/references/maisons-du-monde-palerme/"]}]},{"@type":"ImageObject","inLanguage":"fr-FR","@id":"https://www.alhenaservice.com/fr/references/maisons-du-monde-palerme/#primaryimage","url":"https://www.alhenaservice.com/wp-content/uploads/maison-du-monde-palermo-esterno.jpg","contentUrl":"https://www.alhenaservice.com/wp-content/uploads/maison-du-monde-palermo-esterno.jpg","width":800,"height":600},{"@type":"BreadcrumbList","@id":"https://www.alhenaservice.com/fr/references/maisons-du-monde-palerme/#breadcrumb","itemListElement":[{"@type":"ListItem","position":1,"name":"Home","item":"https://www.alhenaservice.com/fr/"},{"@type":"ListItem","position":2,"name":"Références","item":"https://www.alhenaservice.com/fr/archivio-referenze/"},{"@type":"ListItem","position":3,"name":"Maisons du Monde Palerme"}]},{"@type":"WebSite","@id":"https://www.alhenaservice.com/fr/#website","url":"https://www.alhenaservice.com/fr/","name":"Alhena","description":"expertise globale","publisher":{"@id":"https://www.alhenaservice.com/fr/#organization"},"potentialAction":[{"@type":"SearchAction","target":{"@type":"EntryPoint","urlTemplate":"https://www.alhenaservice.com/fr/?s={search_term_string}"},"query-input":{"@type":"PropertyValueSpecification","valueRequired":true,"valueName":"search_term_string"}}],"inLanguage":"fr-FR"},{"@type":"Organization","@id":"https://www.alhenaservice.com/fr/#organization","name":"Alhena","url":"https://www.alhenaservice.com/fr/","logo":{"@type":"ImageObject","inLanguage":"fr-FR","@id":"https://www.alhenaservice.com/fr/#/schema/logo/image/","url":"https://www.alhenaservice.com/wp-content/uploads/logo-sito-alhena.png","contentUrl":"https://www.alhenaservice.com/wp-content/uploads/logo-sito-alhena.png","width":710,"height":240,"caption":"Alhena"},"image":{"@id":"https://www.alhenaservice.com/fr/#/schema/logo/image/"}}]}</script>
<!-- / Yoast SEO plugin. -->

Cela faisait déjà depuis plusieurs années que Maisons du Monde cherchait un site à Palerme. Finalement, c&rsquo;est dans l&rsquo;espace d&rsquo;un ancien batiment de produits semi-finis en bois, situé en via Fulvio Testi et bien connu en ville, que Maisons du Monde a ouvert ses portes fin mai 2019, non sans quelques difficultés, avec un chiffre [&hellip;]

Références
