{"id":2874,"date":"2020-02-24T14:43:06","date_gmt":"2020-02-24T13:43:06","guid":{"rendered":"http:\/\/www.alhenaservice.com\/referenze\/maisons-du-monde-palermo\/"},"modified":"2020-03-25T11:18:34","modified_gmt":"2020-03-25T10:18:34","slug":"maisons-du-monde-palermo","status":"publish","type":"referenze","link":"https:\/\/www.alhenaservice.com\/de\/referenzen\/maisons-du-monde-palermo\/","title":{"rendered":"Maisons du Monde Palermo"},"content":{"rendered":"<p>Mehrere Jahre lang suchte Maisons du Monde nach einem Standort in Palermo. Im ehemaligen Bereich eines bekannten und in der Stadt sehr wichtigen Unternehmens f\u00fcr Holzhalbfertigprodukte in der Via Fulvio Testi \u00f6ffnete Maisons du Monde Ende Mai 2019 nach vielen Schwierigkeiten seine Toren, wobei eine <strong>Reihe von Zug\u00e4ngen noch nie zuvor in einer Neuer\u00f6ffnung verzeichnet wurden.<\/strong> F\u00fcr Alhena ist es ein Aush\u00e4ngeschild seiner Leistungen.<\/p>\n<p>Zun\u00e4chst einmal die Baustelle: Da sie Teil einer bestehenden und meist veralteten Struktur ist, m\u00fcssen alle technischen, verwaltungstechnischen und gestalterischen F\u00e4higkeiten in vollem Umfang zum Tragen kommen. H\u00e4ufig entsprechen die Installationsanforderungen der neuesten Konzepte nicht dem Auftrieb bestehender Strukturen. Entweder muss die Raumverteilung f\u00fcr ein Fahrzeug oder die Lagert\u00e4tigkeit im Lichte der neuen Nutzung \u00fcberpr\u00fcft werden. Dies impliziert die Notwendigkeit<strong>einer sehr detaillierten und eingehenden Voranalyse<\/strong>, die darauf abzielt, jene Elemente zu identifizieren, die bereits w\u00e4hrend der Verhandlung des Standortes zu einer heiklen Umsetzung werden k\u00f6nnen.<\/p>\n<p>Die <strong>weise Erfahrung unseres Bauleiters Sandro<\/strong> hat es erm\u00f6glicht, die Reibung, die h\u00e4ufig an solch komplexen Baustellen entstehen kann, auf ein Minimum zu reduzieren und die Baustelle in einen funktionierenden Organismus zu verwandeln, in dem alle Akteure im <strong>Geiste der Zusammenarbeit und des gegenseitigen Verst\u00e4ndnisses<\/strong> arbeiten konnten.<\/p>\n","protected":false},"featured_media":2095,"parent":0,"template":"","categories":[35],"class_list":["post-2874","referenze","type-referenze","status-publish","has-post-thumbnail","hentry","category-home-decor-de"],"acf":[],"yoast_head":"<!-- This site is optimized with the Yoast SEO plugin v27.1 - https:\/\/yoast.com\/product\/yoast-seo-wordpress\/ -->\n<title>Maisons du Monde Palermo - Alhena<\/title>\n<meta name=\"robots\" content=\"index, follow, max-snippet:-1, max-image-preview:large, max-video-preview:-1\" \/>\n<link rel=\"canonical\" href=\"https:\/\/www.alhenaservice.com\/de\/referenzen\/maisons-du-monde-palermo\/\" \/>\n<meta property=\"og:locale\" content=\"de_DE\" \/>\n<meta property=\"og:type\" content=\"article\" \/>\n<meta property=\"og:title\" content=\"Maisons du Monde Palermo - Alhena\" \/>\n<meta property=\"og:description\" content=\"Mehrere Jahre lang suchte Maisons du Monde nach einem Standort in Palermo. Im ehemaligen Bereich eines bekannten und in der Stadt sehr wichtigen Unternehmens f\u00fcr Holzhalbfertigprodukte in der Via Fulvio Testi \u00f6ffnete Maisons du Monde Ende Mai 2019 nach vielen Schwierigkeiten seine Toren, wobei eine Reihe von Zug\u00e4ngen noch nie zuvor in einer Neuer\u00f6ffnung verzeichnet [&hellip;]\" \/>\n<meta property=\"og:url\" content=\"https:\/\/www.alhenaservice.com\/de\/referenzen\/maisons-du-monde-palermo\/\" \/>\n<meta property=\"og:site_name\" content=\"Alhena\" \/>\n<meta property=\"article:modified_time\" content=\"2020-03-25T10:18:34+00:00\" \/>\n<meta property=\"og:image\" content=\"https:\/\/www.alhenaservice.com\/wp-content\/uploads\/maison-du-monde-palermo-esterno.jpg\" \/>\n\t<meta property=\"og:image:width\" content=\"800\" \/>\n\t<meta property=\"og:image:height\" content=\"600\" \/>\n\t<meta property=\"og:image:type\" content=\"image\/jpeg\" \/>\n<meta name=\"twitter:card\" content=\"summary_large_image\" \/>\n<meta name=\"twitter:label1\" content=\"Gesch\u00e4tzte Lesezeit\" \/>\n\t<meta name=\"twitter:data1\" content=\"1\u00a0Minute\" \/>\n<script type=\"application\/ld+json\" class=\"yoast-schema-graph\">{\"@context\":\"https:\/\/schema.org\",\"@graph\":[{\"@type\":\"WebPage\",\"@id\":\"https:\/\/www.alhenaservice.com\/de\/referenzen\/maisons-du-monde-palermo\/\",\"url\":\"https:\/\/www.alhenaservice.com\/de\/referenzen\/maisons-du-monde-palermo\/\",\"name\":\"Maisons du Monde Palermo - Alhena\",\"isPartOf\":{\"@id\":\"https:\/\/www.alhenaservice.com\/de\/#website\"},\"primaryImageOfPage\":{\"@id\":\"https:\/\/www.alhenaservice.com\/de\/referenzen\/maisons-du-monde-palermo\/#primaryimage\"},\"image\":{\"@id\":\"https:\/\/www.alhenaservice.com\/de\/referenzen\/maisons-du-monde-palermo\/#primaryimage\"},\"thumbnailUrl\":\"https:\/\/www.alhenaservice.com\/wp-content\/uploads\/maison-du-monde-palermo-esterno.jpg\",\"datePublished\":\"2020-02-24T13:43:06+00:00\",\"dateModified\":\"2020-03-25T10:18:34+00:00\",\"breadcrumb\":{\"@id\":\"https:\/\/www.alhenaservice.com\/de\/referenzen\/maisons-du-monde-palermo\/#breadcrumb\"},\"inLanguage\":\"de\",\"potentialAction\":[{\"@type\":\"ReadAction\",\"target\":[\"https:\/\/www.alhenaservice.com\/de\/referenzen\/maisons-du-monde-palermo\/\"]}]},{\"@type\":\"ImageObject\",\"inLanguage\":\"de\",\"@id\":\"https:\/\/www.alhenaservice.com\/de\/referenzen\/maisons-du-monde-palermo\/#primaryimage\",\"url\":\"https:\/\/www.alhenaservice.com\/wp-content\/uploads\/maison-du-monde-palermo-esterno.jpg\",\"contentUrl\":\"https:\/\/www.alhenaservice.com\/wp-content\/uploads\/maison-du-monde-palermo-esterno.jpg\",\"width\":800,\"height\":600},{\"@type\":\"BreadcrumbList\",\"@id\":\"https:\/\/www.alhenaservice.com\/de\/referenzen\/maisons-du-monde-palermo\/#breadcrumb\",\"itemListElement\":[{\"@type\":\"ListItem\",\"position\":1,\"name\":\"Home\",\"item\":\"https:\/\/www.alhenaservice.com\/de\/\"},{\"@type\":\"ListItem\",\"position\":2,\"name\":\"Referenzen\",\"item\":\"https:\/\/www.alhenaservice.com\/de\/archivio-referenze\/\"},{\"@type\":\"ListItem\",\"position\":3,\"name\":\"Maisons du Monde Palermo\"}]},{\"@type\":\"WebSite\",\"@id\":\"https:\/\/www.alhenaservice.com\/de\/#website\",\"url\":\"https:\/\/www.alhenaservice.com\/de\/\",\"name\":\"Alhena\",\"description\":\"expertise globale\",\"publisher\":{\"@id\":\"https:\/\/www.alhenaservice.com\/de\/#organization\"},\"potentialAction\":[{\"@type\":\"SearchAction\",\"target\":{\"@type\":\"EntryPoint\",\"urlTemplate\":\"https:\/\/www.alhenaservice.com\/de\/?s={search_term_string}\"},\"query-input\":{\"@type\":\"PropertyValueSpecification\",\"valueRequired\":true,\"valueName\":\"search_term_string\"}}],\"inLanguage\":\"de\"},{\"@type\":\"Organization\",\"@id\":\"https:\/\/www.alhenaservice.com\/de\/#organization\",\"name\":\"Alhena\",\"url\":\"https:\/\/www.alhenaservice.com\/de\/\",\"logo\":{\"@type\":\"ImageObject\",\"inLanguage\":\"de\",\"@id\":\"https:\/\/www.alhenaservice.com\/de\/#\/schema\/logo\/image\/\",\"url\":\"https:\/\/www.alhenaservice.com\/wp-content\/uploads\/logo-sito-alhena.png\",\"contentUrl\":\"https:\/\/www.alhenaservice.com\/wp-content\/uploads\/logo-sito-alhena.png\",\"width\":710,\"height\":240,\"caption\":\"Alhena\"},\"image\":{\"@id\":\"https:\/\/www.alhenaservice.com\/de\/#\/schema\/logo\/image\/\"}}]}<\/script>\n<!-- \/ Yoast SEO plugin. -->","yoast_head_json":{"title":"Maisons du Monde Palermo - Alhena","robots":{"index":"index","follow":"follow","max-snippet":"max-snippet:-1","max-image-preview":"max-image-preview:large","max-video-preview":"max-video-preview:-1"},"canonical":"https:\/\/www.alhenaservice.com\/de\/referenzen\/maisons-du-monde-palermo\/","og_locale":"de_DE","og_type":"article","og_title":"Maisons du Monde Palermo - Alhena","og_description":"Mehrere Jahre lang suchte Maisons du Monde nach einem Standort in Palermo. Im ehemaligen Bereich eines bekannten und in der Stadt sehr wichtigen Unternehmens f\u00fcr Holzhalbfertigprodukte in der Via Fulvio Testi \u00f6ffnete Maisons du Monde Ende Mai 2019 nach vielen Schwierigkeiten seine Toren, wobei eine Reihe von Zug\u00e4ngen noch nie zuvor in einer Neuer\u00f6ffnung verzeichnet [&hellip;]","og_url":"https:\/\/www.alhenaservice.com\/de\/referenzen\/maisons-du-monde-palermo\/","og_site_name":"Alhena","article_modified_time":"2020-03-25T10:18:34+00:00","og_image":[{"width":800,"height":600,"url":"https:\/\/www.alhenaservice.com\/wp-content\/uploads\/maison-du-monde-palermo-esterno.jpg","type":"image\/jpeg"}],"twitter_card":"summary_large_image","twitter_misc":{"Gesch\u00e4tzte Lesezeit":"1\u00a0Minute"},"schema":{"@context":"https:\/\/schema.org","@graph":[{"@type":"WebPage","@id":"https:\/\/www.alhenaservice.com\/de\/referenzen\/maisons-du-monde-palermo\/","url":"https:\/\/www.alhenaservice.com\/de\/referenzen\/maisons-du-monde-palermo\/","name":"Maisons du Monde Palermo - Alhena","isPartOf":{"@id":"https:\/\/www.alhenaservice.com\/de\/#website"},"primaryImageOfPage":{"@id":"https:\/\/www.alhenaservice.com\/de\/referenzen\/maisons-du-monde-palermo\/#primaryimage"},"image":{"@id":"https:\/\/www.alhenaservice.com\/de\/referenzen\/maisons-du-monde-palermo\/#primaryimage"},"thumbnailUrl":"https:\/\/www.alhenaservice.com\/wp-content\/uploads\/maison-du-monde-palermo-esterno.jpg","datePublished":"2020-02-24T13:43:06+00:00","dateModified":"2020-03-25T10:18:34+00:00","breadcrumb":{"@id":"https:\/\/www.alhenaservice.com\/de\/referenzen\/maisons-du-monde-palermo\/#breadcrumb"},"inLanguage":"de","potentialAction":[{"@type":"ReadAction","target":["https:\/\/www.alhenaservice.com\/de\/referenzen\/maisons-du-monde-palermo\/"]}]},{"@type":"ImageObject","inLanguage":"de","@id":"https:\/\/www.alhenaservice.com\/de\/referenzen\/maisons-du-monde-palermo\/#primaryimage","url":"https:\/\/www.alhenaservice.com\/wp-content\/uploads\/maison-du-monde-palermo-esterno.jpg","contentUrl":"https:\/\/www.alhenaservice.com\/wp-content\/uploads\/maison-du-monde-palermo-esterno.jpg","width":800,"height":600},{"@type":"BreadcrumbList","@id":"https:\/\/www.alhenaservice.com\/de\/referenzen\/maisons-du-monde-palermo\/#breadcrumb","itemListElement":[{"@type":"ListItem","position":1,"name":"Home","item":"https:\/\/www.alhenaservice.com\/de\/"},{"@type":"ListItem","position":2,"name":"Referenzen","item":"https:\/\/www.alhenaservice.com\/de\/archivio-referenze\/"},{"@type":"ListItem","position":3,"name":"Maisons du Monde Palermo"}]},{"@type":"WebSite","@id":"https:\/\/www.alhenaservice.com\/de\/#website","url":"https:\/\/www.alhenaservice.com\/de\/","name":"Alhena","description":"expertise globale","publisher":{"@id":"https:\/\/www.alhenaservice.com\/de\/#organization"},"potentialAction":[{"@type":"SearchAction","target":{"@type":"EntryPoint","urlTemplate":"https:\/\/www.alhenaservice.com\/de\/?s={search_term_string}"},"query-input":{"@type":"PropertyValueSpecification","valueRequired":true,"valueName":"search_term_string"}}],"inLanguage":"de"},{"@type":"Organization","@id":"https:\/\/www.alhenaservice.com\/de\/#organization","name":"Alhena","url":"https:\/\/www.alhenaservice.com\/de\/","logo":{"@type":"ImageObject","inLanguage":"de","@id":"https:\/\/www.alhenaservice.com\/de\/#\/schema\/logo\/image\/","url":"https:\/\/www.alhenaservice.com\/wp-content\/uploads\/logo-sito-alhena.png","contentUrl":"https:\/\/www.alhenaservice.com\/wp-content\/uploads\/logo-sito-alhena.png","width":710,"height":240,"caption":"Alhena"},"image":{"@id":"https:\/\/www.alhenaservice.com\/de\/#\/schema\/logo\/image\/"}}]}},"_links":{"self":[{"href":"https:\/\/www.alhenaservice.com\/de\/wp-json\/wp\/v2\/referenze\/2874","targetHints":{"allow":["GET"]}}],"collection":[{"href":"https:\/\/www.alhenaservice.com\/de\/wp-json\/wp\/v2\/referenze"}],"about":[{"href":"https:\/\/www.alhenaservice.com\/de\/wp-json\/wp\/v2\/types\/referenze"}],"wp:featuredmedia":[{"embeddable":true,"href":"https:\/\/www.alhenaservice.com\/de\/wp-json\/wp\/v2\/media\/2095"}],"wp:attachment":[{"href":"https:\/\/www.alhenaservice.com\/de\/wp-json\/wp\/v2\/media?parent=2874"}],"wp:term":[{"taxonomy":"category","embeddable":true,"href":"https:\/\/www.alhenaservice.com\/de\/wp-json\/wp\/v2\/categories?post=2874"}],"curies":[{"name":"wp","href":"https:\/\/api.w.org\/{rel}","templated":true}]}}

<p>Mehrere Jahre lang suchte Maisons du Monde nach einem Standort in Palermo. Im ehemaligen Bereich eines bekannten und in der Stadt sehr wichtigen Unternehmens für Holzhalbfertigprodukte in der Via Fulvio Testi öffnete Maisons du Monde Ende Mai 2019 nach vielen Schwierigkeiten seine Toren, wobei eine <strong>Reihe von Zugängen noch nie zuvor in einer Neueröffnung verzeichnet wurden.</strong> Für Alhena ist es ein Aushängeschild seiner Leistungen.</p>
<p>Zunächst einmal die Baustelle: Da sie Teil einer bestehenden und meist veralteten Struktur ist, müssen alle technischen, verwaltungstechnischen und gestalterischen Fähigkeiten in vollem Umfang zum Tragen kommen. Häufig entsprechen die Installationsanforderungen der neuesten Konzepte nicht dem Auftrieb bestehender Strukturen. Entweder muss die Raumverteilung für ein Fahrzeug oder die Lagertätigkeit im Lichte der neuen Nutzung überprüft werden. Dies impliziert die Notwendigkeit<strong>einer sehr detaillierten und eingehenden Voranalyse</strong>, die darauf abzielt, jene Elemente zu identifizieren, die bereits während der Verhandlung des Standortes zu einer heiklen Umsetzung werden können.</p>
<p>Die <strong>weise Erfahrung unseres Bauleiters Sandro</strong> hat es ermöglicht, die Reibung, die häufig an solch komplexen Baustellen entstehen kann, auf ein Minimum zu reduzieren und die Baustelle in einen funktionierenden Organismus zu verwandeln, in dem alle Akteure im <strong>Geiste der Zusammenarbeit und des gegenseitigen Verständnisses</strong> arbeiten konnten.</p>

<!-- This site is optimized with the Yoast SEO plugin v27.1 - https://yoast.com/product/yoast-seo-wordpress/ -->
<title>Maisons du Monde Palermo - Alhena</title>
<meta name="robots" content="index, follow, max-snippet:-1, max-image-preview:large, max-video-preview:-1" />
<link rel="canonical" href="https://www.alhenaservice.com/de/referenzen/maisons-du-monde-palermo/" />
<meta property="og:locale" content="de_DE" />
<meta property="og:type" content="article" />
<meta property="og:title" content="Maisons du Monde Palermo - Alhena" />
<meta property="og:description" content="Mehrere Jahre lang suchte Maisons du Monde nach einem Standort in Palermo. Im ehemaligen Bereich eines bekannten und in der Stadt sehr wichtigen Unternehmens für Holzhalbfertigprodukte in der Via Fulvio Testi öffnete Maisons du Monde Ende Mai 2019 nach vielen Schwierigkeiten seine Toren, wobei eine Reihe von Zugängen noch nie zuvor in einer Neueröffnung verzeichnet [&hellip;]" />
<meta property="og:url" content="https://www.alhenaservice.com/de/referenzen/maisons-du-monde-palermo/" />
<meta property="og:site_name" content="Alhena" />
<meta property="article:modified_time" content="2020-03-25T10:18:34+00:00" />
<meta property="og:image" content="https://www.alhenaservice.com/wp-content/uploads/maison-du-monde-palermo-esterno.jpg" />
	<meta property="og:image:width" content="800" />
	<meta property="og:image:height" content="600" />
	<meta property="og:image:type" content="image/jpeg" />
<meta name="twitter:card" content="summary_large_image" />
<meta name="twitter:label1" content="Geschätzte Lesezeit" />
	<meta name="twitter:data1" content="1 Minute" />
<script type="application/ld+json" class="yoast-schema-graph">{"@context":"https://schema.org","@graph":[{"@type":"WebPage","@id":"https://www.alhenaservice.com/de/referenzen/maisons-du-monde-palermo/","url":"https://www.alhenaservice.com/de/referenzen/maisons-du-monde-palermo/","name":"Maisons du Monde Palermo - Alhena","isPartOf":{"@id":"https://www.alhenaservice.com/de/#website"},"primaryImageOfPage":{"@id":"https://www.alhenaservice.com/de/referenzen/maisons-du-monde-palermo/#primaryimage"},"image":{"@id":"https://www.alhenaservice.com/de/referenzen/maisons-du-monde-palermo/#primaryimage"},"thumbnailUrl":"https://www.alhenaservice.com/wp-content/uploads/maison-du-monde-palermo-esterno.jpg","datePublished":"2020-02-24T13:43:06+00:00","dateModified":"2020-03-25T10:18:34+00:00","breadcrumb":{"@id":"https://www.alhenaservice.com/de/referenzen/maisons-du-monde-palermo/#breadcrumb"},"inLanguage":"de","potentialAction":[{"@type":"ReadAction","target":["https://www.alhenaservice.com/de/referenzen/maisons-du-monde-palermo/"]}]},{"@type":"ImageObject","inLanguage":"de","@id":"https://www.alhenaservice.com/de/referenzen/maisons-du-monde-palermo/#primaryimage","url":"https://www.alhenaservice.com/wp-content/uploads/maison-du-monde-palermo-esterno.jpg","contentUrl":"https://www.alhenaservice.com/wp-content/uploads/maison-du-monde-palermo-esterno.jpg","width":800,"height":600},{"@type":"BreadcrumbList","@id":"https://www.alhenaservice.com/de/referenzen/maisons-du-monde-palermo/#breadcrumb","itemListElement":[{"@type":"ListItem","position":1,"name":"Home","item":"https://www.alhenaservice.com/de/"},{"@type":"ListItem","position":2,"name":"Referenzen","item":"https://www.alhenaservice.com/de/archivio-referenze/"},{"@type":"ListItem","position":3,"name":"Maisons du Monde Palermo"}]},{"@type":"WebSite","@id":"https://www.alhenaservice.com/de/#website","url":"https://www.alhenaservice.com/de/","name":"Alhena","description":"expertise globale","publisher":{"@id":"https://www.alhenaservice.com/de/#organization"},"potentialAction":[{"@type":"SearchAction","target":{"@type":"EntryPoint","urlTemplate":"https://www.alhenaservice.com/de/?s={search_term_string}"},"query-input":{"@type":"PropertyValueSpecification","valueRequired":true,"valueName":"search_term_string"}}],"inLanguage":"de"},{"@type":"Organization","@id":"https://www.alhenaservice.com/de/#organization","name":"Alhena","url":"https://www.alhenaservice.com/de/","logo":{"@type":"ImageObject","inLanguage":"de","@id":"https://www.alhenaservice.com/de/#/schema/logo/image/","url":"https://www.alhenaservice.com/wp-content/uploads/logo-sito-alhena.png","contentUrl":"https://www.alhenaservice.com/wp-content/uploads/logo-sito-alhena.png","width":710,"height":240,"caption":"Alhena"},"image":{"@id":"https://www.alhenaservice.com/de/#/schema/logo/image/"}}]}</script>
<!-- / Yoast SEO plugin. -->

Mehrere Jahre lang suchte Maisons du Monde nach einem Standort in Palermo. Im ehemaligen Bereich eines bekannten und in der Stadt sehr wichtigen Unternehmens für Holzhalbfertigprodukte in der Via Fulvio Testi öffnete Maisons du Monde Ende Mai 2019 nach vielen Schwierigkeiten seine Toren, wobei eine Reihe von Zugängen noch nie zuvor in einer Neueröffnung verzeichnet [&hellip;]
